{"id":29,"date":"2022-03-27T15:10:42","date_gmt":"2022-03-27T13:10:42","guid":{"rendered":"http:\/\/agfcallianceglissefranchecomte.com\/?page_id=29"},"modified":"2024-09-09T11:36:37","modified_gmt":"2024-09-09T09:36:37","slug":"cours-de-roller","status":"publish","type":"page","link":"https:\/\/agfcallianceglissefranchecomte.com\/index.php\/cours-de-roller\/","title":{"rendered":"Cours de randonn\u00e9e"},"content":{"rendered":"\n<div class=\"wp-block-columns is-layout-flex wp-container-core-columns-is-layout-9d6595d7 wp-block-columns-is-layout-flex\">\n<div class=\"wp-block-column is-layout-flow wp-block-column-is-layout-flow\">\n<p>Retrouvez-nous tous les samedis pour les cours Rando<\/p>\n\n\n\n<p>Retrouvez nous tous les samedis pour les cours Rando<\/p>\n\n\n\n<ul class=\"wp-block-list\">\n<li>Cours d\u00e9butants : 9h30 &#8211; 10h15<\/li>\n\n\n\n<li>Cours de perfectionnement : 10h15 &#8211; 11h00<\/li>\n<\/ul>\n\n\n\n<p>Enfants et adultes<\/p>\n\n\n\n<p>Sorties en ext\u00e9rieur d\u00e8s le mois d&rsquo;avril sur ces m\u00eames cr\u00e9neaux.<\/p>\n\n\n\n<p>Cours d&rsquo;essais possibles le samedi matin.  <\/p>\n<\/div>\n\n\n\n<div class=\"wp-block-column is-layout-flow wp-block-column-is-layout-flow\">\n<p>Agenda<\/p>\n\n\n<p>[MEC_fes_list]<\/p>\n<\/div>\n<\/div>\n\n\n\n<figure class=\"wp-block-gallery has-nested-images columns-default is-cropped wp-block-gallery-1 is-layout-flex wp-block-gallery-is-layout-flex\">\n<figure class=\"wp-block-image size-full\"><img loading=\"lazy\" decoding=\"async\" width=\"540\" height=\"737\" data-id=\"74\" src=\"http:\/\/agfcallianceglissefranchecomte.com\/wp-content\/uploads\/2022\/03\/1647365701298-2.jpg\" alt=\"marathon des grands vins\" class=\"wp-image-74\" srcset=\"https:\/\/agfcallianceglissefranchecomte.com\/wp-content\/uploads\/2022\/03\/1647365701298-2.jpg 540w, https:\/\/agfcallianceglissefranchecomte.com\/wp-content\/uploads\/2022\/03\/1647365701298-2-220x300.jpg 220w\" sizes=\"auto, (max-width: 540px) 100vw, 540px\" \/><\/figure>\n\n\n\n<figure class=\"wp-block-image size-large\"><img loading=\"lazy\" decoding=\"async\" width=\"768\" height=\"1024\" data-id=\"70\" src=\"http:\/\/agfcallianceglissefranchecomte.com\/wp-content\/uploads\/2022\/03\/20190511_1024201-768x1024.jpg\" alt=\"rando ext\u00e9rieure\" class=\"wp-image-70\" srcset=\"https:\/\/agfcallianceglissefranchecomte.com\/wp-content\/uploads\/2022\/03\/20190511_1024201-768x1024.jpg 768w, https:\/\/agfcallianceglissefranchecomte.com\/wp-content\/uploads\/2022\/03\/20190511_1024201-225x300.jpg 225w, https:\/\/agfcallianceglissefranchecomte.com\/wp-content\/uploads\/2022\/03\/20190511_1024201-1152x1536.jpg 1152w, https:\/\/agfcallianceglissefranchecomte.com\/wp-content\/uploads\/2022\/03\/20190511_1024201-1536x2048.jpg 1536w, https:\/\/agfcallianceglissefranchecomte.com\/wp-content\/uploads\/2022\/03\/20190511_1024201-scaled.jpg 1920w\" sizes=\"auto, (max-width: 768px) 100vw, 768px\" \/><\/figure>\n\n\n\n<figure class=\"wp-block-image size-large\"><img loading=\"lazy\" decoding=\"async\" width=\"768\" height=\"1024\" data-id=\"69\" src=\"http:\/\/agfcallianceglissefranchecomte.com\/wp-content\/uploads\/2022\/03\/1647365833095-1-768x1024.jpg\" alt=\"rando AGFC\" class=\"wp-image-69\" srcset=\"https:\/\/agfcallianceglissefranchecomte.com\/wp-content\/uploads\/2022\/03\/1647365833095-1-768x1024.jpg 768w, https:\/\/agfcallianceglissefranchecomte.com\/wp-content\/uploads\/2022\/03\/1647365833095-1-225x300.jpg 225w, https:\/\/agfcallianceglissefranchecomte.com\/wp-content\/uploads\/2022\/03\/1647365833095-1-1152x1536.jpg 1152w, https:\/\/agfcallianceglissefranchecomte.com\/wp-content\/uploads\/2022\/03\/1647365833095-1-1536x2048.jpg 1536w, https:\/\/agfcallianceglissefranchecomte.com\/wp-content\/uploads\/2022\/03\/1647365833095-1-scaled.jpg 1920w\" sizes=\"auto, (max-width: 768px) 100vw, 768px\" \/><\/figure>\n\n\n<div class=\"wp-block-image\">\n<figure class=\"aligncenter size-full\"><img loading=\"lazy\" decoding=\"async\" width=\"781\" height=\"446\" data-id=\"218\" src=\"http:\/\/agfcallianceglissefranchecomte.com\/wp-content\/uploads\/2024\/09\/Randonnee-1.jpg\" alt=\"\" class=\"wp-image-218\" srcset=\"https:\/\/agfcallianceglissefranchecomte.com\/wp-content\/uploads\/2024\/09\/Randonnee-1.jpg 781w, https:\/\/agfcallianceglissefranchecomte.com\/wp-content\/uploads\/2024\/09\/Randonnee-1-300x171.jpg 300w, https:\/\/agfcallianceglissefranchecomte.com\/wp-content\/uploads\/2024\/09\/Randonnee-1-768x439.jpg 768w, https:\/\/agfcallianceglissefranchecomte.com\/wp-content\/uploads\/2024\/09\/Randonnee-1-525x300.jpg 525w\" sizes=\"auto, (max-width: 781px) 100vw, 781px\" \/><\/figure>\n<\/div><\/figure>\n","protected":false},"excerpt":{"rendered":"<p>Retrouvez-nous tous les samedis pour les cours Rando Retrouvez nous tous les samedis pour les cours Rando Enfants et adultes Sorties en ext\u00e9rieur d\u00e8s le &hellip;<\/p>\n","protected":false},"author":1,"featured_media":0,"parent":0,"menu_order":0,"comment_status":"closed","ping_status":"closed","template":"","meta":{"footnotes":""},"class_list":["post-29","page","type-page","status-publish","hentry"],"yoast_head":"<!-- This site is optimized with the Yoast SEO plugin v21.2 - https:\/\/yoast.com\/wordpress\/plugins\/seo\/ -->\n<title>Cours de randonn\u00e9e - AGFC<\/title>\n<meta name=\"description\" content=\"Cours de roller randonn\u00e9e \u00e0 Besan\u00e7on\" \/>\n<meta name=\"robots\" content=\"index, follow, max-snippet:-1, max-image-preview:large, max-video-preview:-1\" \/>\n<link rel=\"canonical\" href=\"https:\/\/agfcallianceglissefranchecomte.com\/index.php\/cours-de-roller\/\" \/>\n<meta property=\"og:locale\" content=\"fr_FR\" \/>\n<meta property=\"og:type\" content=\"article\" \/>\n<meta property=\"og:title\" content=\"Cours de randonn\u00e9e - AGFC\" \/>\n<meta property=\"og:description\" content=\"Cours de roller randonn\u00e9e \u00e0 Besan\u00e7on\" \/>\n<meta property=\"og:url\" content=\"https:\/\/agfcallianceglissefranchecomte.com\/index.php\/cours-de-roller\/\" \/>\n<meta property=\"og:site_name\" content=\"AGFC\" \/>\n<meta property=\"article:publisher\" content=\"https:\/\/www.facebook.com\/AGFC-Alliance-Glisse-Franche-Comt%c3%a9-110770921479381\" \/>\n<meta property=\"article:modified_time\" content=\"2024-09-09T09:36:37+00:00\" \/>\n<meta property=\"og:image\" content=\"http:\/\/agfcallianceglissefranchecomte.com\/wp-content\/uploads\/2022\/03\/1647365701298-2.jpg\" \/>\n<meta name=\"twitter:card\" content=\"summary_large_image\" \/>\n<meta name=\"twitter:label1\" content=\"Dur\u00e9e de lecture estim\u00e9e\" \/>\n\t<meta name=\"twitter:data1\" content=\"2 minutes\" \/>\n<script type=\"application\/ld+json\" class=\"yoast-schema-graph\">{\"@context\":\"https:\/\/schema.org\",\"@graph\":[{\"@type\":\"WebPage\",\"@id\":\"https:\/\/agfcallianceglissefranchecomte.com\/index.php\/cours-de-roller\/\",\"url\":\"https:\/\/agfcallianceglissefranchecomte.com\/index.php\/cours-de-roller\/\",\"name\":\"Cours de randonn\u00e9e - AGFC\",\"isPartOf\":{\"@id\":\"https:\/\/agfcallianceglissefranchecomte.com\/#website\"},\"datePublished\":\"2022-03-27T13:10:42+00:00\",\"dateModified\":\"2024-09-09T09:36:37+00:00\",\"description\":\"Cours de roller randonn\u00e9e \u00e0 Besan\u00e7on\",\"breadcrumb\":{\"@id\":\"https:\/\/agfcallianceglissefranchecomte.com\/index.php\/cours-de-roller\/#breadcrumb\"},\"inLanguage\":\"fr-FR\",\"potentialAction\":[{\"@type\":\"ReadAction\",\"target\":[\"https:\/\/agfcallianceglissefranchecomte.com\/index.php\/cours-de-roller\/\"]}]},{\"@type\":\"BreadcrumbList\",\"@id\":\"https:\/\/agfcallianceglissefranchecomte.com\/index.php\/cours-de-roller\/#breadcrumb\",\"itemListElement\":[{\"@type\":\"ListItem\",\"position\":1,\"name\":\"Accueil\",\"item\":\"https:\/\/agfcallianceglissefranchecomte.com\/\"},{\"@type\":\"ListItem\",\"position\":2,\"name\":\"Cours de randonn\u00e9e\"}]},{\"@type\":\"WebSite\",\"@id\":\"https:\/\/agfcallianceglissefranchecomte.com\/#website\",\"url\":\"https:\/\/agfcallianceglissefranchecomte.com\/\",\"name\":\"AGFC\",\"description\":\"Alliance Glisse Franche Comt\u00e9\",\"publisher\":{\"@id\":\"https:\/\/agfcallianceglissefranchecomte.com\/#organization\"},\"potentialAction\":[{\"@type\":\"SearchAction\",\"target\":{\"@type\":\"EntryPoint\",\"urlTemplate\":\"https:\/\/agfcallianceglissefranchecomte.com\/?s={search_term_string}\"},\"query-input\":\"required name=search_term_string\"}],\"inLanguage\":\"fr-FR\"},{\"@type\":\"Organization\",\"@id\":\"https:\/\/agfcallianceglissefranchecomte.com\/#organization\",\"name\":\"AGFC Roller\",\"url\":\"https:\/\/agfcallianceglissefranchecomte.com\/\",\"logo\":{\"@type\":\"ImageObject\",\"inLanguage\":\"fr-FR\",\"@id\":\"https:\/\/agfcallianceglissefranchecomte.com\/#\/schema\/logo\/image\/\",\"url\":\"http:\/\/agfcallianceglissefranchecomte.com\/wp-content\/uploads\/2022\/01\/logo-AGFC-vb-2.jpg\",\"contentUrl\":\"http:\/\/agfcallianceglissefranchecomte.com\/wp-content\/uploads\/2022\/01\/logo-AGFC-vb-2.jpg\",\"width\":229,\"height\":106,\"caption\":\"AGFC Roller\"},\"image\":{\"@id\":\"https:\/\/agfcallianceglissefranchecomte.com\/#\/schema\/logo\/image\/\"},\"sameAs\":[\"https:\/\/www.facebook.com\/AGFC-Alliance-Glisse-Franche-Comt\u00e9-110770921479381\"]}]}<\/script>\n<!-- \/ Yoast SEO plugin. -->","yoast_head_json":{"title":"Cours de randonn\u00e9e - AGFC","description":"Cours de roller randonn\u00e9e \u00e0 Besan\u00e7on","robots":{"index":"index","follow":"follow","max-snippet":"max-snippet:-1","max-image-preview":"max-image-preview:large","max-video-preview":"max-video-preview:-1"},"canonical":"https:\/\/agfcallianceglissefranchecomte.com\/index.php\/cours-de-roller\/","og_locale":"fr_FR","og_type":"article","og_title":"Cours de randonn\u00e9e - AGFC","og_description":"Cours de roller randonn\u00e9e \u00e0 Besan\u00e7on","og_url":"https:\/\/agfcallianceglissefranchecomte.com\/index.php\/cours-de-roller\/","og_site_name":"AGFC","article_publisher":"https:\/\/www.facebook.com\/AGFC-Alliance-Glisse-Franche-Comt%c3%a9-110770921479381","article_modified_time":"2024-09-09T09:36:37+00:00","og_image":[{"url":"http:\/\/agfcallianceglissefranchecomte.com\/wp-content\/uploads\/2022\/03\/1647365701298-2.jpg"}],"twitter_card":"summary_large_image","twitter_misc":{"Dur\u00e9e de lecture estim\u00e9e":"2 minutes"},"schema":{"@context":"https:\/\/schema.org","@graph":[{"@type":"WebPage","@id":"https:\/\/agfcallianceglissefranchecomte.com\/index.php\/cours-de-roller\/","url":"https:\/\/agfcallianceglissefranchecomte.com\/index.php\/cours-de-roller\/","name":"Cours de randonn\u00e9e - AGFC","isPartOf":{"@id":"https:\/\/agfcallianceglissefranchecomte.com\/#website"},"datePublished":"2022-03-27T13:10:42+00:00","dateModified":"2024-09-09T09:36:37+00:00","description":"Cours de roller randonn\u00e9e \u00e0 Besan\u00e7on","breadcrumb":{"@id":"https:\/\/agfcallianceglissefranchecomte.com\/index.php\/cours-de-roller\/#breadcrumb"},"inLanguage":"fr-FR","potentialAction":[{"@type":"ReadAction","target":["https:\/\/agfcallianceglissefranchecomte.com\/index.php\/cours-de-roller\/"]}]},{"@type":"BreadcrumbList","@id":"https:\/\/agfcallianceglissefranchecomte.com\/index.php\/cours-de-roller\/#breadcrumb","itemListElement":[{"@type":"ListItem","position":1,"name":"Accueil","item":"https:\/\/agfcallianceglissefranchecomte.com\/"},{"@type":"ListItem","position":2,"name":"Cours de randonn\u00e9e"}]},{"@type":"WebSite","@id":"https:\/\/agfcallianceglissefranchecomte.com\/#website","url":"https:\/\/agfcallianceglissefranchecomte.com\/","name":"AGFC","description":"Alliance Glisse Franche Comt\u00e9","publisher":{"@id":"https:\/\/agfcallianceglissefranchecomte.com\/#organization"},"potentialAction":[{"@type":"SearchAction","target":{"@type":"EntryPoint","urlTemplate":"https:\/\/agfcallianceglissefranchecomte.com\/?s={search_term_string}"},"query-input":"required name=search_term_string"}],"inLanguage":"fr-FR"},{"@type":"Organization","@id":"https:\/\/agfcallianceglissefranchecomte.com\/#organization","name":"AGFC Roller","url":"https:\/\/agfcallianceglissefranchecomte.com\/","logo":{"@type":"ImageObject","inLanguage":"fr-FR","@id":"https:\/\/agfcallianceglissefranchecomte.com\/#\/schema\/logo\/image\/","url":"http:\/\/agfcallianceglissefranchecomte.com\/wp-content\/uploads\/2022\/01\/logo-AGFC-vb-2.jpg","contentUrl":"http:\/\/agfcallianceglissefranchecomte.com\/wp-content\/uploads\/2022\/01\/logo-AGFC-vb-2.jpg","width":229,"height":106,"caption":"AGFC Roller"},"image":{"@id":"https:\/\/agfcallianceglissefranchecomte.com\/#\/schema\/logo\/image\/"},"sameAs":["https:\/\/www.facebook.com\/AGFC-Alliance-Glisse-Franche-Comt\u00e9-110770921479381"]}]}},"_links":{"self":[{"href":"https:\/\/agfcallianceglissefranchecomte.com\/index.php\/wp-json\/wp\/v2\/pages\/29","targetHints":{"allow":["GET"]}}],"collection":[{"href":"https:\/\/agfcallianceglissefranchecomte.com\/index.php\/wp-json\/wp\/v2\/pages"}],"about":[{"href":"https:\/\/agfcallianceglissefranchecomte.com\/index.php\/wp-json\/wp\/v2\/types\/page"}],"author":[{"embeddable":true,"href":"https:\/\/agfcallianceglissefranchecomte.com\/index.php\/wp-json\/wp\/v2\/users\/1"}],"replies":[{"embeddable":true,"href":"https:\/\/agfcallianceglissefranchecomte.com\/index.php\/wp-json\/wp\/v2\/comments?post=29"}],"version-history":[{"count":11,"href":"https:\/\/agfcallianceglissefranchecomte.com\/index.php\/wp-json\/wp\/v2\/pages\/29\/revisions"}],"predecessor-version":[{"id":219,"href":"https:\/\/agfcallianceglissefranchecomte.com\/index.php\/wp-json\/wp\/v2\/pages\/29\/revisions\/219"}],"wp:attachment":[{"href":"https:\/\/agfcallianceglissefranchecomte.com\/index.php\/wp-json\/wp\/v2\/media?parent=29"}],"curies":[{"name":"wp","href":"https:\/\/api.w.org\/{rel}","templated":true}]}}